- 9*k**2 - 3. What is w(-2)?
1
Let n(v) = -v**2 - 6*v + 7. Let y be (13*-2 + 1)*-1. Suppose 4 = 23*i - y*i. Let b be 10*(1 + i + 2/4). Calculate n(b).
12
Let v(y) = -12*y**2 - 18*y - 8*y - y**3 - 8*y - 2*y + 23*y + 4. Give v(-10).
-66
Let f(o) = -334*o**2 + 8 + 661*o**2 - 7*o - 326*o**2. Determine f(8).
16
Suppose 8*y + 57 = 97. Let b(g) = 2*g + 12*g - 8*g - 3*g. What is b(y)?
15
Let l(w) = -w**3 + 3*w**2 - 4*w + 2. Suppose 6 = 3*i - 3*c, -3*c = -i - 7*c - 3. Calculate l(i).
0
Let s(r) = 4*r**3 + 21*r - 3*r**3 - 21*r - 7*r**2 - 185 + 194. Let q be 8*1 - ((3 - 3) + 1). Calculate s(q).
9
Let k be 1 - -1 - 0/2. Suppose 0 = k*g + 3*g + 5. Let o(y) be the second derivative of -y**5/5 - y**3/6 - y**2/2 + 2145*y. Give o(g).
4
Suppose -3*c = -1 - 5. Let s(d) = 5 - 4 + c*d - d. Let x(p) = -p**2 + 67*p - 424. Let w be x(60). What is s(w)?
-3
Let m(a) = 79*a**2 - 3*a - 41. Let i(c) = 25*c**2 - c - 14. Let r(x) = 19*i(x) - 6*m(x). What is r(-4)?
0
Let g(f) be the third derivative of -60*f**2 + 0 + 0*f + 1/6*f**3 + 3/8*f**4. What is g(-1)?
-8
Let o(y) = 4*y**2 - 6*y - 6. Suppose 299*v = 158*v + 157*v + 16. Give o(v).
4
Let q(r) be the second derivative of -r**3/6 - 19*r**2/2 - 16*r. Let a be 6/(-5)*(14 - 6 - (-32)/6). Determine q(a).
-3
Let h(f) = 13*f**2 + 9*f - 105. Let y(x) = 71*x**2 + 45*x - 525. Let s(w) = -11*h(w) + 2*y(w). Calculate s(-15).
15
Let x(r) be the second derivative of r**4/4 + r**3 + 5*r**2/2 + 1989*r. Calculate x(4).
77
Let n(u) = 13*u - 5. Let b(c) = -83*c + 57. Let q(d) = -b(d) - 3*n(d). Calculate q(1).
2
Let v(t) = -t**2 + t. Let c(a) = -5*a**2 - 7*a + 16. Let d be (-8)/(-40)*(1 + 4). Let x(n) = d*c(n) - 6*v(n). Give x(11).
-6
Let g = 43350 - 43340. Let m(v) = v**2 - 12*v + 10. What is m(g)?
-10
Let t(n) = -n**2 - 3*n + 10. Let d = -49 - -367. Let z = -325 + d. Calculate t(z).
-18
Let x(i) = 2*i**2 + i + 1. Suppose -2*p = 5*o + 18, 3*p + 13 - 36 = 5*o. Let j(u) = 7*u**2 + 14*u - 2. Let f(y) = o*x(y) + j(y). What is f(5)?
19
Let i(w) be the third derivative of -w**5/20 - w**3/3 - w**2 - 131*w. Calculate i(4).
-50
Let j = -69 + 71. Let r(y) = -j - 8*y + 12*y - 9 - 3*y. Calculate r(0).
-11
Let v(n) = 7*n - 6. Let f(l) = -3419*l + 5 + 5 + 3406*l. Let j(w) = -6*f(w) - 11*v(w). What is j(-3)?
3
Let t(i) be the third derivative of -i**5/60 - 5*i**4/6 - 13*i**3 + i**2 + 63*i. What is t(-14)?
6
Let d(v) be the second derivative of 35*v**3/6 + 189*v**2/2 - 152*v + 5. What is d(-6)?
-21
Let m(r) = -2*r. Suppose -k + 5*q - 1 - 17 = 0, 2*q = -2*k. Let a be (-1)/(k - 7/(-2)). Let p(z) = -4*z - 7. Let f be p(a). Give m(f).
-2
Let a be 1 - 7 - (-93 - -85). Let j(r) be the first derivative of 3/2*r**a + 5*r - 7. Determine j(-7).
-16
Suppose -11*w + 6760 = 9*w. Let h = 333 - w. Let v(s) = s**2 + 2*s - 3. What is v(h)?
12
Let c(b) be the second derivative of -b**4/2 - 23*b**3/3 + 9*b**2/2 + 76*b. Let v(y) = y**2 + 9*y - 2. Let d(k) = 2*c(k) + 11*v(k). Give d(6).
2
Suppose -5*j + 120 = -130. Let r = -45 + j. Suppose -8*u + r + 11 = 0. Let s(b) = b**3 + 3*b**2 - 2*b + 1. What is s(u)?
17
Let x(s) be the second derivative of -s**4/12 + 7*s**3/6 + 3*s**2 + 2*s + 18. Calculate x(8).
-2
Let p(x) = -2*x**3 - x**2 - 3*x - 2. Let o(y) = -y**2 - 21*y - 20. Let u be o(-12). Let d = -90 + u. Give p(d).
16
Suppose 0 = -4*y - 4*y. Let s be ((-1)/(-3))/((-2)/(-12)). Let a(j) = 2*j**3 + j**3 + s*j**3 + j**2 - 6*j**3. Calculate a(y).
0
Let w = 159 + -156. Let z(u) = -8*u + 44*u**3 - 65*u**w + 7*u - 1 - u**2. What is z(-1)?
20
Let k(b) = 3 - 347*b**3 + 13*b**3 + 182*b**3 - 2*b - b + 169*b**3. Determine k(1).
17
Let g = 343 + -343. Let z(h) = 0*h - h**3 + 2234 - 2235 - 2*h**2 - h + g*h. Give z(-1).
-1
Suppose -3*u - 4 + 19 = 0. Let i(o) = 152*o - 319*o + 165*o + 3 - 1. Give i(u).
-8
Let c(o) = 16*o**2 - 9*o + 1. Let g(a) = 10*a**2 - 8*a + 2. Let u(w) = -2*c(w) + 3*g(w). Determine u(5).
-76
Let a(p) = -p + 1. Let d be a(-8). Suppose d = 4*r - 11. Let s(k) be the first derivative of -k**3/3 + 5*k**2/2 - k + 18224. Give s(r).
-1
Let z(n) = 13 + 974*n - 16 + 14 + 44 - 978*n. Calculate z(17).
-13
Let v(x) = 7*x - 7. Let r(j) = 6*j - 7*j + 14*j - 23*j + 11*j. Let b(h) = -6*r(h) + v(h). Calculate b(6).
-1
Suppose 0 = -3*h - 4*q - 1, 5*q = h - 28 + 3. Let f(n) = -n**3 + 7*n**2 - 8*n + 12. What is f(h)?
22
Let r(m) be the third derivative of -1/12*m**4 + 1/120*m**6 - 292*m**2 - 1/15*m**5 + m**3 + 0 + 0*m. Suppose 2*b + 0*b - 8 = 0. Give r(b).
-2
Let s(g) = 7 - 5*g - 4*g**2 - 18 + 12 + 3*g**2 - 2*g. Let n be 1/1 + -21 + 13. Determine s(n).
1
Let c(l) be the second derivative of -3*l**3 + 149*l**2/2 - l - 162. Calculate c(8).
5
Let n be (-2 - 1 - 33)*(15 - 17). Let x be (-4)/(-8)*n/4. Let f(k) be the first derivative of -k**4/4 + 8*k**3/3 + 9*k**2/2 - 7*k + 1. Calculate f(x).
-7
Let q(k) = k**3 - 5*k**2 + 3*k + 1. Suppose -4*v = -5*v + 1, 5*m - 177 = -2*v. Suppose 3*z + 11 = 5*u, 3*u = -39*z + m*z + 24. Determine q(u).
-3
Let w(u) = 2*u + 53. Let l be (-37)/(1554/735) - (-5)/2. Give w(l).
23
Suppose 0 = 5*j - x + 78, 0 = j - 5*x + 4 + 2. Let s = j + 12. Let k(q) = -154 - 3*q + 73 + 84 - q**2. Give k(s).
-1
Let f(h) = -306 - 169 - h**2 + 665 - 165 + 0*h**2. Suppose 5*d = -10, 3*u - 8 = -6*d + d. Calculate f(u).
-11
Let w(r) = 2*r**2 + 8*r - 12. Let a(x) = x**2 - 118*x - 6328. Let d be a(-40). Calculate w(d).
52
Let x(i) = -i**3 - 4*i**2 + 10*i - 2. Let b = 17003 + -17009. Give x(b).
10
Let n(t) be the first derivative of -t**4/4 - 4*t**3/3 + 5*t**2/2 + 19*t + 3432. Determine n(-4).
-1
Let n(w) = -17*w**2 - 5*w + 7. Let q(i) = -72*i**2 - 21*i + 29. Let v(o) = 17*n(o) - 4*q(o). Determine v(-4).
-9
Let s(h) = -113*h - 487. Let u(i) = 684*i + 2926. Let p(g) = -19*s(g) - 3*u(g). Give p(-5).
0
Suppose 4*o - 220 = 5*b - 245, 5*o - 3*b = -15. Let z(d) = d + 32. Give z(o).
32
Let f(t) be the first derivative of -t**4/4 - 4*t**3/3 - t**2 + 2*t - 2. Let i(j) = j**2 + 10*j + 20. Let d be i(-6). Calculate f(d).
10
Let q(s) = -s - 7. Let p be q(-11). Let c(k) be the first derivative of 8 - 1/3*k**3 + k + 3/2*k**2. Determine c(p).
-3
Let d(x) be the first derivative of -11*x**2 + 237*x + 4678. Give d(11).
-5
Let n(q) = 17 + 18 - 28 + 13*q - 15*q. Let b = -76 + 34. Let w be b/6*(-1)/1. Give n(w).
-7
Let g(m) = 16*m + 100. Let u = -11167 - -11160. Give g(u).
-12
Let a(p) = -9*p**3 - 50*p**2 + 32*p - 227. Let h(c) = -2*c**3 - 12*c**2 + 8*c - 53. Let z(r) = 3*a(r) - 13*h(r). Calculate z(5).
-7
Suppose 2*v + 22 = -3*u, 0*u + 2*v + 2 = 2*u. Let p(o) = 23642983 + 248*o + 6*o**2 - 247*o + o**3 - 23642984. What is p(u)?
27
Let u(n) = -3130 - 3207 - 13*n - 3123 + 9388. Give u(-7).
19
Suppose 2*u - 3*h = -9, 2*h = -4*u - 17 - 9. Let b(i) = 45*i + 11. Let z(f) = -34*f - 8. Let s(g) = 3*b(g) + 4*z(g). Calculate s(u).
7
Let f(p) = -3*p**3 - 5*p**2 - 2*p + 2. Suppose 27*v = 151*v + 372. Calculate f(v).
44
Let n be (-333)/(-185) + (-17)/15. Let l(v) be the third derivative of 1/24*v**4 + 0 + 0*v + 30*v**2 - n*v**3. Calculate l(-3).
-7
Suppose -42*q + 48*q - 6 = 0. Let g(j) = -733*j + q - j**2 + 736*j - 5*j**2. Give g(-2).
-29
Let n(b) = 7*b - 82. Let x be n(17). Let f(t) = -1 + x*t - 20*t - 19*t. Determine f(-8).
15
Let h(v) = 2*v**2 - 5*v + 7. Let p be h(4). Suppose 0 = 19*u + p - 0. Let a(s) = -11*s**3 - 2*s**2 + 1. What is a(u)?
10
Suppose -21 = -4*c - 3*p, -2*c + 3 = -4*c + 3*p. Let k(a) = -3*a**3 + 3*a**3 + a**3 + 3*a**c. Let w be k(-1). Let r(y) = -y**2 - 7*y - 5. Calculate r(w).
7
Let i be (2 - 2/3)/((-6)/(-18)). Let r(t) = i*t + 3*t + 4 + 3*t - 17*t. Suppose 15 = 5*n - 0*n. What is r(n)?
-17
Let z(x) be the second derivative of -x**5/10 + x**4/4 + x**3/3 + x**2 + 91*x - 8. Determine z(-2).
26
Let j(a) be the third derivative of a**6/8 - a**5/60 + a**3/6 - a**2. Suppose 40 = 191*y + 231. Give j(y).
-15
Let m be 40/4*2/10. Let k(v) = 1 + 0 + 6 + 2*v - v**3 + 5*v**2 + m - 12. Suppose -3*q + 8 = -7. What is k(q)?
7
Let s(r) be the second derivative of 0 + 3/2*r**2 + 1/12*r**4 + 230*r - r**3. Determine s(5).
-2
Let s(q) = 7 - 21 - 120*q + 18*q**2 - 122*q + 385*q - 130*q + q**3. What is s(-17)?
54
Let v(f) = -10*f + 55. Let a be v(6). Let j be -2 + 2 + a + 3. Let y(u) = u**2 + 4*u + 3. Calculate y(j).
-1
Let z = -58 + 131. Let g = z + -16. Let r(v) = -30*v + g*v + 5 - 24*v. Give r(-5).
-10
Let u(t) = -t**3